rime factors of 274355565?
3, 5, 11, 1662761
List the prime factors of 953380295.
5, 7, 37, 79, 9319
List the prime factors of 3146939647.
311, 433, 23369
What are the prime factors of 47401234?
2, 191, 124087
List the prime factors of 65772415.
5, 13154483
List the prime factors of 368256266.
2, 7, 23, 199, 821
List the prime factors of 76569481.
73, 1048897
What are the prime factors of 90167180?
2, 5, 1553, 2903
List the prime factors of 39710270.
2, 5, 3971027
List the prime factors of 605274923.
11, 23, 41, 43, 59
What are the prime factors of 53897055?
3, 5, 17, 12433
What are the prime factors of 40742373?
3, 7, 47, 5897
List the prime factors of 41970450.
2, 3, 5, 17, 109, 151
What are the prime factors of 343699884?
2, 3, 11, 41, 21169
List the prime factors of 639567947.
1153, 554699
List the prime factors of 54664773.
3, 191, 95401
List the prime factors of 81164834.
2, 17, 2387201
List the prime factors of 2577757187.
17033, 151339
List the prime factors of 4200861577.
11, 73, 79, 66221
List the prime factors of 86323028.
2, 11, 1961887
What are the prime factors of 426503798?
2, 7, 229, 133033
List the prime factors of 24267800.
2, 5, 71, 1709
What are the prime factors of 2082613297?
2082613297
List the prime factors of 1128227569.
7, 37, 4356091
List the prime factors of 60094200.
2, 3, 5, 47, 2131
List the prime factors of 2904391893.
3, 13, 74471587
List the prime factors of 841863888.
2, 3, 1948759
What are the prime factors of 3563417357?
31, 2309, 49783
What are the prime factors of 146204560?
2, 5, 23, 181, 439
List the prime factors of 155966714.
2, 77983357
What are the prime factors of 1481643215?
5, 13, 22794511
What are the prime factors of 11940348?
2, 3, 7, 41, 3467
List the prime factors of 438650291.
401, 1031, 1061
List the prime factors of 823483052.
2, 7, 47, 97, 6451
What are the prime factors of 103660410?
2, 3, 5, 7, 493621
List the prime factors of 40388038.
2, 1459, 13841
What are the prime factors of 188206337?
11, 17, 73, 811
List the prime factors of 223493517.
3, 13, 29, 199, 331
List the prime factors of 704385009.
3, 101, 774901
What are the prime factors of 229498906?
2, 7, 13, 127, 9929
List the prime factors of 395631120.
2, 3, 5, 83, 19861
What are the prime factors of 2613997?
2613997
What are the prime factors of 1376723750?
2, 5, 17, 37, 103
List the prime factors of 63027603.
3, 1667, 4201
What are the prime factors of 182791902?
2, 3, 23, 1324579
List the prime factors of 117858194.
2, 2437, 24181
List the prime factors of 81571899.
3, 17, 1599449
List the prime factors of 2537967154.
2, 23, 197, 229, 1223
What are the prime factors of 222494452?
2, 433, 128461
What are the prime factors of 196274896?
2, 12267181
What are the prime factors of 1392318891?
3, 97, 1594867
What are the prime factors of 7931551?
241, 32911
List the prime factors of 36079782.
2, 3, 809, 7433
List the prime factors of 4715855803.
19, 293, 847109
What are the prime factors of 788078108?
2, 197019527
List the prime factors of 587158621.
7, 29, 413201
What are the prime factors of 78768142?
2, 3253, 12107
What are the prime factors of 206274028?
2, 23, 71, 1373
List the prime factors of 5608415187.
3, 207719081
List the prime factors of 34618333.
34618333
What are the prime factors of 83407610?
2, 5, 11, 13, 17, 47, 73
List the prime factors of 629629042.
2, 7, 44973503
What are the prime factors of 760459121?
760459121
List the prime factors of 6101738011.
23, 29, 47, 151, 1289
List the prime factors of 157443884.
2, 13, 1277, 2371
What are the prime factors of 1459797492?
2, 3, 293, 415187
What are the prime factors of 2431832929?
2431832929
List the prime factors of 23541731.
37, 636263
List the prime factors of 795550505.
5, 37, 4300273
What are the prime factors of 1779313831?
37, 337, 142699
What are the prime factors of 14131134?
2, 3, 829, 947
What are the prime factors of 27045874?
2, 347, 38971
What are the prime factors of 397241391?
3, 29, 883, 5171
What are the prime factors of 445826809?
821, 543029
List the prime factors of 897323335.
5, 41, 1811, 2417
What are the prime factors of 47342606?
2, 23671303
What are the prime factors of 41017922?
2, 11, 19, 98129
List the prime factors of 60140040.
2, 3, 5, 167, 3001
What are the prime factors of 41952045?
3, 5, 2796803
What are the prime factors of 3190163476?
2, 797540869
List the prime factors of 49832543.
49832543
List the prime factors of 74723719.
7, 61, 103, 1699
List the prime factors of 51872896.
2, 127, 3191
List the prime factors of 1658158330.
2, 5, 37, 349, 12841
List the prime factors of 114780646.
2, 57390323
List the prime factors of 279015390.
2, 3, 5, 17, 43, 4241
What are the prime factors of 188439120?
2, 3, 5, 261721
What are the prime factors of 156454857?
3, 13, 607, 2203
List the prime factors of 29703765.
3, 5, 7, 13, 47, 463
What are the prime factors of 1273863969?
3, 7, 6740021
List the prime factors of 532326055.
5, 67, 101, 15733
What are the prime factors of 910910778?
2, 3, 283, 536461
List the prime factors of 135512737.
29, 43, 271, 401
What are the prime factors of 405880489?
7, 19, 31, 98443
List the prime factors of 684990277.
79, 563, 15401
What are the prime factors of 76477581?
3, 2832503
List the prime factors of 457305754.
2, 228652877
What are the prime factors of 1815116202?
2, 3, 953, 3919
List the prime factors of 154589631.
3, 7, 419, 17569
What are the prime factors of 298757094?
2, 3, 49792849
List the prime factors of 65080451.
65080451
List the prime factors of 178791287.
1973, 90619
What are the prime factors of 2721422113?
37, 151, 487099
List the prime factors of 8081773171.
6047, 1336493
What are the prime factors of 77980648?
2, 1823, 5347
List the prime factors of 40135457.
40135457
What are the prime factors of 228796749?
3, 59, 430879
List the prime factors of 2327315739.
3, 7, 131, 845989
What are the prime factors of 61738660?
2, 5, 3086933
List the prime factors of 2345768502.
2, 3, 7, 11, 5077421
List the prime factors of 277769721.
3, 19, 769, 6337
List the prime factors of 157702219.
613, 257263
List the prime factors of 39256359.
3, 13085453
What are the prime factors of 179660142?
2, 3, 53, 188323
List the prime factors of 713316540.
2, 3, 5, 101, 117709
What are the prime factors of 108049855?
5, 73, 296027
What are the prime factors of 12293798?
2, 11, 19, 29411
What are the prime factors of 15542959?
15542959
What are the prime factors of 48410718?
2, 3, 8068453
List the prime factors of 155359462.
2, 251, 309481
What are the prime factors of 71019687?
3, 37, 139, 4603
What are the prime factors of 2254856133?
3, 953, 788687
List the prime factors of 4500129353.
31, 43, 53, 63697
What are the prime factors of 563865496?
2, 37, 1904951
List the prime factors of 2601555816.
2, 3, 61, 1223, 1453
List the prime factors of 85558528.
2, 11, 23, 1321
What are the prime factors of 2787757596?
2, 3, 13, 19, 23, 43, 317
What are the prime factors of 57442806?
2, 3, 83, 38449
List the prime factors of 103286841.
3, 7, 1627, 3023
What are the prime factors of 273981261?
3, 71, 359, 3583
List the prime factors of 277422972.
2, 3, 3727, 6203
List the prime factors of 381003742.
2, 7, 4637, 5869
What are the prime factors of 14344494?
2, 3, 47, 50867
List the prime factors of 2143017487.
13, 164847499
What are the prime factors of 6584362846?
2, 1361, 2418943
What are the prime factors of 34984353?
3, 29, 379, 1061
What are the prime factors of 247471984?
2, 37, 418027
List the prime factors of 88020785.
5, 43, 113, 3623
List the prime factors of 1999509334.
2, 20707, 48281
What are the prime factors of 848513763?
3, 94279307
What are the prime factors of 158794405?
5, 7, 11, 277, 1489
List the prime factors of 1316588728.
2, 7, 13, 1808501
List the prime factors of 443586008.
2, 19, 2918329
List the prime factors of 444377287.
443, 1003109
List the prime factors of 2316714918.
2, 3, 7, 1231, 44809
What are the prime factors of 379145148?
2, 3, 199, 158771
List the prime factors of 328131300.
2, 3, 5, 7, 156253
List the prime factors of 299476434.
2, 3, 49912739
List the prime factors of 512820280.
2, 5, 7, 261643
List the prime factors of 148560154.
2, 74280077
What are the prime factors of 142225